(i) be the first derivative of i**3/3 - 3*i**2 + 7*i + 1. Let t be p(5). Suppose -t*g - 6 = -m - 3*m, g - 15 = -4*m. Is g a multiple of 2?
False
Suppose 2 = 2*i, -4*i = 4*d + i - 13. Suppose 62 = d*u - 4. Does 11 divide u?
True
Let b(i) = -9*i + 8. Is b(-6) a multiple of 14?
False
Let n be 3 - (-1 - (0 - 1)). Suppose -21 = -0*w - n*w. Is w even?
False
Let c(l) = l**3 - 5*l**2 - l + 26. Does 8 divide c(6)?
True
Let k(r) = -r**2 + 7*r + 5. Let y be k(7). Suppose -2*m = -o + 8, y*m = 3*m + 10. Is o a multiple of 9?
True
Let t(q) = q**3 + 9*q**2 - 12*q + 4. Suppose 2*b - r = -15, 70 = -9*b + 4*b - 4*r. Is t(b) a multiple of 12?
True
Let c = -2 + 4. Let k be 2/c*-2 - -35. Let y = k - 7. Does 13 divide y?
True
Suppose 44 = -2*g - 0*g. Let r = g - -13. Is -15*(3/r + 0) a multiple of 4?
False
Suppose -200 = -5*v + 5*x, 0*v = 3*v - 2*x - 124. Is v a multiple of 5?
False
Let c = -5 - 1. Let p(s) = -13*s + 2. Is p(c) a multiple of 18?
False
Suppose 0 = 5*m - 4*p - 415, m - 5*p + 39 = 122. Does 16 divide m?
False
Let m be (-174)/(-36) + (-2)/(-12). Suppose 5*b + 75 = 2*x, 2*b = -2*x + m*b + 77. Suppose -x = 4*l - 128. Does 11 divide l?
True
Let i be -1*10/(-4)*-2. Let t(w) = w**2 - 9*w - 17. Let l be t(12). Let z = l + i. Is z a multiple of 14?
True
Let f be (-2)/(-4)*(0 - -4). Is 18 a factor of f + 25 - 1/1?
False
Suppose j - 3*j - 198 = 0. Does 17 divide 3/6 + j/(-6)?
True
Let z(d) = -d**3 + 3*d**2 - d. Let f be z(2). Suppose 5 = -5*r - f*y + y, -15 = 3*y. Suppose 3*t - t - 22 = r. Does 9 divide t?
False
Suppose -2*i + 352 = 2*i. Suppose -4*m + i = 4*u, m - 5 = -2. Does 19 divide u?
True
Let g = 5 - 4. Let a be 12*g/(1/1). Let f = a + 23. Is 11 a factor of f?
False
Let s be (-636)/(-11) - 8/(-44). Let y = 92 - s. Does 17 divide y?
True
Let m = -7 - -12. Suppose -38 = -m*t + 217. Is t a multiple of 21?
False
Let d(u) = u**3 + 13*u**2 + 10. Does 5 divide d(-13)?
True
Suppose -3*r + 3*z = -6, 0 = 5*r - 4*z - 3 - 9. Is 17 a factor of (-2 - 0)*(-46)/r?
False
Let v(w) = -4*w**3 + w**2 - w - 1. Let y be v(-1). Suppose 3*m - 4*m = -6. Suppose y*q - 39 - m = 0. Is q a multiple of 9?
True
Let n be (0 + -1)/(6/(-12)). Let s(m) = 3*m - 1. Does 2 divide s(n)?
False
Suppose 5*h - 326 = -2*p - 12, -p - 4*h + 154 = 0. Is p a multiple of 27?
True
Suppose -3*o = o - 112. Is o a multiple of 7?
True
Let f(z) = -z + 210. Let u be f(0). Suppose 0 = -0*h + 5*h + 3*y - u, -4*h + 141 = -3*y. Is 15 a factor of h?
False
Let y(i) = -9*i**3 - 2*i**2 - 2*i - 1. Suppose 0 = 5*h - h - 8. Let n be (-52)/44 - h/(-11). Does 5 divide y(n)?
False
Let j(f) = 4*f + 9. Let i be j(-6). Let q = i - -27. Is 12 a factor of q?
True
Suppose -5*k - 11 = -2*r, 5*k = -2*r + 7*r - 65. Let q = 18 + r. Is q a multiple of 12?
True
Is (-6)/14 - ((-186)/42 + -1) a multiple of 2?
False
Let j(z) = z**2 + 5*z + 2. Let a be j(-4). Let m(g) = 5*g**2 + 2*g. Does 16 divide m(a)?
True
Let q = 258 + -124. Suppose -5*w + q = -66. Is w a multiple of 12?
False
Let z(v) be the first derivative of v**3/3 - 9*v**2/2 + 7*v - 1. Let a be z(8). Is (0 + -1)*(-11 - a) a multiple of 10?
True
Suppose -5*t - 18 = -493. Let u(v) = 34*v - 3. Let s be u(2). Let x = t - s. Is x a multiple of 15?
True
Suppose -h - 2 = -2*h. Let u(p) = 2 + 2 + p + h. Is 5 a factor of u(6)?
False
Let q(y) be the third derivative of y**4/3 - y**3/6 + 3*y**2. Does 6 divide q(2)?
False
Is 16 a factor of (-4)/(-6) - (-3)/((-9)/(-190))?
True
Suppose 0 = -3*r + 4*s + 512, -15*s + 18*s = -r + 162. Does 32 divide r?
False
Let c = -82 + 9. Let x = -36 - c. Is 17 a factor of x?
False
Let s = 152 + -74. Does 51 divide s?
False
Let a be (-1)/(-3) - (-8)/(-24). Suppose 0 = 4*u - a*u - 20. Is 3 a factor of u?
False
Let b(a) be the first derivative of a**4/4 + 11*a**3/3 + a**2 + 4*a + 1. Let k be b(-11). Let o = 55 + k. Does 17 divide o?
False
Let x(t) = t**3 - 11*t**2 + 7*t - 35. Is 21 a factor of x(11)?
True
Suppose -9 - 3 = -3*b. Suppose -3*m = -12, 3*x - m - 240 = -b*m. Suppose -a - x = -5*a. Does 19 divide a?
True
Let y be 0*3/(-6)*1. Suppose 2*b + 2*b - 4*f - 16 = 0, y = -4*b + 2*f + 24. Is b a multiple of 7?
False
Let f(u) = -u**3 - 5*u**2 + 3*u + 4. Let o be 12/(3/6 + 1). Let z(j) = j**3 - 8*j**2 - j + 2. Let v be z(o). Does 11 divide f(v)?
True
Suppose 3*g - 15 = 2*v, -2*v + 5*g - 4 - 21 = 0. Suppose -4*w - 3*q = -5, 30 = 3*w - q - 2*q. Let s = v + w. Is 5 a factor of s?
True
Let r(h) = -h + 1. Let y be r(3). Does 15 divide y/(4/(-114)) - 2?
False
Let h = 1 + 4. Let b = 22 + h. Is 13 a factor of b?
False
Let x = 1 + 6. Suppose 0 = r - x - 35. Does 7 divide r?
True
Let p(h) = 3*h - 4. Let u be p(4). Suppose 216 = -4*b + u*b. Is 27 a factor of b?
True
Let s = 79 - 45. Does 17 divide s?
True
Let u = 70 - 45. Is 11 a factor of u?
False
Suppose -d - 4*d + 725 = 0. Is d a multiple of 29?
True
Does 3 divide (60/25)/(-6)*-55?
False
Suppose -5*c - 4*l = -321 - 135, 0 = -2*c - 5*l + 179. Suppose -r = r - c. Is 17 a factor of r?
False
Suppose s = -4*z + 105, -5*z - 2*s + 110 = -5*s. Suppose 5*a - 281 = -91. Let k = a - z. Does 13 divide k?
True
Suppose 3*m = m. Suppose m = 6*b - 2*b - 240. Does 21 divide b?
False
Let o = 2 - 2. Is 8 a factor of o - 1*(-2 + -14)?
True
Let x = 17 - 17. Let i = x + 24. Is i a multiple of 12?
True
Suppose -5*h - 15 = -60. Suppose -2*b - 3 = h. Does 10 divide 7*2/(-3)*b?
False
Suppose -4*g = -g - j - 95, 0 = -5*g - 4*j + 164. Is 17 a factor of g?
False
Suppose 5*b + 16 = -5*v - 24, -24 = 5*v - 3*b. Is 14 a factor of v/4 - (-261)/6?
True
Let o(x) be the first derivative of x**4/4 + 2*x**3 + 2*x**2 - 5*x + 2. Let d be o(-5). Suppose d*a + 2*r = -3*a + 64, 85 = 5*a - r. Is a a multiple of 7?
False
Let b(r) = -4*r**2 + 38*r + 6. Does 15 divide b(6)?
True
Suppose 122 = 2*u - n - n, -3*u - 2*n = -158. Is u a multiple of 14?
True
Suppose 12 = 3*d - 12. Does 4 divide d?
True
Suppose 0 = 3*p - 5*i - 174, -3*p + 4*i + 180 = i. Is 7 a factor of p?
True
Suppose -y = 3*i, -1 = -i + 1. Is (-44)/(-3)*y/(-4) a multiple of 11?
True
Let w = -25 + 58. Is w a multiple of 9?
False
Let f = 3 + -10. Let h(i) = -i**2 - 10*i - 2. Is h(f) a multiple of 19?
True
Let m(x) = x**2 + 17*x. Does 14 divide m(7)?
True
Suppose h + 12 = 3*h. Suppose -4*c = 4*d, 3*c + 4 = 2*d - h. Does 9 divide d*(9/2 + 0)?
True
Let x = 26 - -1. Is x a multiple of 7?
False
Let s = 5 + -2. Suppose -7*j + s*j + 144 = 0. Is 12 a factor of j?
True
Let x(l) = l**2 - 7*l + 6. Let n be ((-6)/(-10))/((-5)/(-25)). Suppose 2*p - g - 15 = 0, -n*p + 26 = -2*g + 4*g. Does 14 divide x(p)?
True
Let h = 3 - -22. Is 25 a factor of h?
True
Let h(q) be the first derivative of q**4/12 - q**3/6 + 5*q**2 + 2*q - 4. Let z(d) be the first derivative of h(d). Is z(0) a multiple of 10?
True
Let l(a) = 5*a - 1. Let c be l(9). Let k = c - 2. Is 13 a factor of k?
False
Let p be 7/5 - (-20)/(-50). Is -6*(p - (-11)/(-3)) a multiple of 16?
True
Let u = -2 + 20. Does 9 divide u?
True
Suppose 9*p = 3310 - 232. Is 32 a factor of p?
False
Let g be (-8)/(-12) + (-16)/6. Is 12/(-8) - 55/g a multiple of 9?
False
Suppose -4 = -4*p - 16. Let z = 6 + p. Suppose -3*l - 2*l + 4*q + 39 = 0, -z*q + 25 = 4*l. Does 7 divide l?
True
Suppose -h = 4*h - 3*x - 85, 0 = 5*h + x - 65. Is 15 a factor of 535/35 - 4/h?
True
Let s = 287 - 134. Is s a multiple of 16?
False
Suppose -2*a + 71 = d, -3*a + 60 + 51 = -3*d. Does 12 divide a?
True
Suppose 5*a - 4*r = a + 540, 5*a = -5*r + 645. Suppose 0*f = -6*f + a. Is 22 a factor of f?
True
Let i = -40 + 83. Is 10 a factor of i?
False
Suppose -420 = -9*y + 102. Is y a multiple of 15?
False
Suppose x = k - 76, -k + 3*x = 3*k - 308. Is k a multiple of 8?
True
Suppose -q = -5*j + 15, 2*j - 3*q - 2*q - 29 = 0. Suppose -3*m = -15, -j*d + d + m = -35. Suppose 2*w = u - 4*u + 95, w = u + d. Does 16 divide w?
False
Let q be (4*-1)/(3/(-36)). Suppose -2*p + 6 = 2. Suppose -2*m + q = p. Does 8 divide m?
False
Suppose -2*o - 8 + 100 = 0. Let f = 82 - o. Suppose r - f = -6. Is r a multiple of 15?
True
Suppose -3*h + 34 = 4*z, -z - 3*h + 8 = -2*h. Let k = z - 7. Suppose -3 = k*c, -c - 4*c + 59 = 4*a. Is a a multiple of 6?
False
Suppose 0 = 3*k - f + 11, 8*f - 3*f - 10 = 0. Is (k/(-2))/(15/220) a multiple of 14?
False
Let f be (-43 + -3)*(-21)/6. Let h = -79 + f. Suppose 5*d = m + 98, -m + 4 = -4*d + h. Does 16 divid